 What is the remainder when 43 is divided by n?
13
Suppose -84 = -4*l + 28. Calculate the remainder when 52 is divided by l.
24
Suppose m = 2*m - 5*d - 36, -5*d - 68 = -3*m. Calculate the remainder when 31 is divided by m.
15
Suppose -f = 4*f - 550. Calculate the remainder when 1*f/(2 - 0) is divided by 19.
17
Suppose -t = 2*k - 68, -5*k - 4*t = -t - 169. Calculate the remainder when 62 is divided by 5/((-25)/(-3))*k.
20
Suppose 0 = 2*k - 6 - 0. Suppose -2*g + 2 = 0, -2*i = -0*g + 2*g - 12. Let a = i + 0. What is the remainder when a is divided by k?
2
Let f = -20 + 35. Suppose m - 4*m + 24 = 0. Calculate the remainder when f is divided by m.
7
Let b(z) = 4*z**2 + z**2 + 2*z**2 - 5*z**2. Let h be b(1). Suppose -7*f = -h*f - 115. Calculate the remainder when f is divided by 6.
5
Calculate the remainder when 4 is divided by (4 + -3 + -2)*-2.
0
What is the remainder when ((-3 - 32) + 3)*-1 is divided by 6?
2
Suppose 5*m - 356 = 4*r + 50, -m + r + 82 = 0. Calculate the remainder when m is divided by 10.
8
Suppose 6*l = -8*l + 3878. Calculate the remainder when l is divided by 71.
64
What is the remainder when (-135)/(-3)*(-3)/((-45)/10) is divided by 9?
3
Suppose 0 = -3*a - 4*i - 3, -2*a + 3*i = a - 18. Suppose -a*s + 22 = -s. What is the remainder when 43 is divided by s?
10
Suppose 3*m - 3*a = 375, -173 = -5*m - 5*a + 442. Suppose -o - 21 = -f, 0 = -4*f + o - 5*o + m. What is the remainder when f is divided by 9?
8
Suppose -2*x = 4*u - 122, -4*x - 66 = -u - u. Suppose -g + 11 + 5 = 0. What is the remainder when u is divided by g?
15
Let o(a) = a**3 - 5*a**2 - 3*a - 3. What is the remainder when 44 is divided by o(6)?
14
Suppose 6 = -2*v, 0 = -4*x + 8*x - 3*v - 17. Suppose -q + 12 = y, -5*q - 66 = 3*y - 7*y. What is the remainder when y is divided by 16/(-20)*-5*x?
6
Let r(q) = 2*q**3 - 2*q**2 - 2*q + 1. Calculate the remainder when 14 is divided by r(2).
4
Let h(r) = -33*r + 28*r + 3 + 2. What is the remainder when h(-6) is divided by 19?
16
Let b be (-2 - -5)/3*-1. What is the remainder when (-15)/(b - 0) - 2 is divided by 8?
5
Let s be 1 - (-5 - 2 - 0). Suppose s*d - 60 = 3*d. Let l = 6 + 17. What is the remainder when l is divided by d?
11
Let h = 59 + -47. Calculate the remainder when 21 is divided by h.
9
Suppose 11*y + 70 = 246. Let k = 9 + 22. Calculate the remainder when k is divided by y.
15
Suppose -z + 2*p = 4, -4*p + 14 = 2*z - 2. Suppose -u = -z*u. Suppose 21 = 3*c - u*c. Calculate the remainder when 20 is divided by c.
6
Let w be (-400)/(-12) - (-1)/(-3). Suppose w = s - 19. What is the remainder when s is divided by 18?
16
Let m = 6 + -3. Let i(v) = 16*v**2 - v - 2. Let w be i(m). Let g = w + -90. What is the remainder when g is divided by 17?
15
Let h = 5 + -1. Suppose 0 = 2*n + 5*t - h, 4*t = -2*n + t + 12. Calculate the remainder when 46 is divided by n.
10
Suppose -6*g + 16 = 124. Let n(t) = 66*t - 1. Let s be n(1). Let v = s + g. What is the remainder when v is divided by 24?
23
Let h = -4 + 12. Suppose -13 = -2*i + 15. Suppose -b + i - 1 = 0. What is the remainder when b is divided by h?
5
Suppose 0 = 6*v - 11*v + 35. What is the remainder when v is divided by -3*1/(-2)*2?
1
Suppose 0 = i + 5, 5*s - 2*i - i = -10. Let k(h) = -5*h + 2. Suppose -5*a + 46 = -24. Calculate the remainder when k(s) is divided by a.
13
Suppose -4*s + s = -84. Calculate the remainder when 81 is divided by s.
25
Let x(w) = 2*w**2 + 2*w - 1. Let z = 3 + -1. Suppose 0 = 8*m - 46 + 14. What is the remainder when x(z) is divided by m?
3
Let w = 20 + -8. Suppose -3*q = -87 + w. Calculate the remainder when q is divided by 2 + (0 - 7/(-1)).
7
Let z(r) = r**2 - 3*r + 7. Let b(d) = d**2 + 5. Let f be b(0). Calculate the remainder when 49 is divided by z(f).
15
Calculate the remainder when 25 is divided by 12/18 - (-88)/12.
1
Let d(x) = x**2 + x + 1. Let h be d(-1). Let b(f) = f**3 - f**2 + f - 1. Let c be b(h). Let m = c + 20. What is the remainder when m is divided by 7?
6
Suppose 4*u + 1 = 3*u - 4*q, 3*u + 2*q + 33 = 0. Let c be u/(-5) + (-16)/(-40). Suppose -c*h + 2*h = -3. Calculate the remainder when 7 is divided by h.
1
Let o(l) = -l**3 - 9*l**2 - l - 5. What is the remainder when o(-9) is divided by (-2)/13 + (-140)/(-65)?
0
Suppose -5*w + 10 + 13 = z, 2*z - w + 9 = 0. What is the remainder when 51 is divided by z/(-7) + 89/7?
12
Suppose 2*k = 2*n + 6, k = -0*k - 2*n. Calculate the remainder when ((-2)/k)/(3/(-219)) is divided by 25.
23
Let r(i) = 31*i - 44. Calculate the remainder when r(3) is divided by ((-26)/(-4))/((-2)/(-4)).
10
Suppose -2*y - 19 = -3*p, 0*p - 3 = p + 4*y. Let j = 17 + -6. What is the remainder when j is divided by p?
1
Let u(v) = -14*v + 3. Suppose 2*t = 9 - 3. Let g be u(t). Let q = g - -56. Calculate the remainder when 49 is divided by q.
15
Suppose j + 2*k - 38 = -10, 22 = j - 4*k. What is the remainder when j is divided by 10?
6
Let h be 8*3*3/(-12). What is the remainder when 21 is divided by h/24 + 90/8?
10
Let a(z) = z**3 + 9*z**2. Let b be a(-9). Suppose b = -3*g + 3*s + 162, 2*g - 4*s = s + 96. Calculate the remainder when g is divided by 20.
18
Let l(t) = -t**3 + t - 2. Let z(h) = -h**2 + 4*h + 4*h - 3 - 2*h. Calculate the remainder when z(4) is divided by l(-2).
1
Calculate the remainder when 29 is divided by 5 - 8/4 - -8.
7
Let q(z) = 10*z - 3. Let r be q(2). Suppose -8 = -o + r. Calculate the remainder when o is divided by 7.
4
Let w(y) = 2*y - 7. Let t be -3*(-3)/(-3 + -6). Let m be -1 + 1 + t + 7. Calculate the remainder when 14 is divided by w(m).
4
Let q = -15 - -6. Calculate the remainder when 23 is divided by (-32)/(-12)*q/(-2).
11
Let u be (-4)/6*-1*-12. Let t = u - -14. What is the remainder when (-13 + 4)/(1 + -2) is divided by t?
3
Let x = -16 - -19. Calculate the remainder when 3 is divided by x.
0
Suppose -4*v - 54 = -5*n + 2*n, -54 = -3*n - 5*v. What is the remainder when 70 is divided by n?
16
Suppose n = -2*b + 12, 4*n - b + 4 = 4*b. Let j(u) = 10*u**3 - 1. What is the remainder when j(1) is divided by n?
1
Suppose g + 27 = o - 16, -o + 31 = 2*g. Suppose d + 0*d + 5*n = 25, -3*d - 3*n + o = 0. What is the remainder when 18 is divided by d?
8
Suppose j - 6*j - 25 = 0, -1 = o + j. Suppose -5*n = 4*f - 36, 2*f + 4*n + o = 7*f. Suppose f*r - 79 = -15. Calculate the remainder when r is divided by 9.
7
Let s = 7 - 14. Let a = 10 + s. Let r(o) = o - 3. Calculate the remainder when r(10) is divided by a.
1
Suppose p - 24 = -3*p. What is the remainder when 29 is divided by 56/6 - (-4)/p?
9
Suppose 3*s + 5*q = q - 62, -71 = 4*s + 3*q. Let j = 33 + 7. What is the remainder when j is divided by (-200)/(-14) - (-4)/s?
12
Let w = -23 - -64. Let b = -23 + 35. What is the remainder when w is divided by 2 + (b + 1 - 1)?
13
Let w(r) = r**2 - 5*r - 1. Suppose 2*z + 2*z = -f - 1, 2*f = -4*z + 2. Calculate the remainder when w(6) is divided by f.
2
Calculate the remainder when 56 is divided by 6*10*(-4)/(-12).
16
Suppose w = -3*w - 3*c + 78, 0 = 4*c - 8. Suppose 2*i + 4*n - 18 = 0, i - 4*n - 5 = -2. What is the remainder when w is divided by i?
4
Let i be (-1)/(-2) + (-76)/(-8). Let w = -6 + 10. Calculate the remainder when (i*(-1)/(-2))/1 is divided by w.
1
Suppose 5 = 2*p + 11. Let i = 14 + p. What is the remainder when 54 is divided by i?
10
Suppose 830 = 5*k + 5*z, -k - 3*z + 25 = -143. Calculate the remainder when k is divided by 42.
39
Suppose -2*r - 93 = -5*n + r, 0 = -2*n + r + 38. What is the remainder when 104 is divided by n?
20
Let l(d) = 41*d + 5. Calculate the remainder when l(2) is divided by 22.
21
Let q(m) = -m - 13. Let w be q(-13). Suppose -6*s + s + 20 = w, 5*s - 17 = l. Calculate the remainder when 3 is divided by l.
0
Let v = 4 + -3. Calculate the remainder when v + (19 + 3 - 1) is divided by 5.
2
Suppose 2*a = -a + 27. Calculate the remainder when 17 is divided by a.
8
Let b be (-3)/(-3) + -3 - -40. Suppose -3*i - 5*c = -15, -5*i - 2*c + b = 2*c. Calculate the remainder when 29 is divided by i.
9
Suppose 2*s - 52 = -12. Suppose 2*q - s = -2*q. What is the remainder when 9 is divided by q?
4
Suppose 0 = -2*f + 3*j + 7, 0 = -0*f + 2*f - j - 5. Let z be -1*(-1)/f*0. Suppose 4*t + z*t = 84. What is the remainder when t is divided by 11?
10
Let o(a) = a**3 + 9*a**2 + 2*a + 3. Let w be o(-8). Suppose